{"id":796,"date":"2026-02-05T16:48:17","date_gmt":"2026-02-05T16:48:17","guid":{"rendered":"https:\/\/myschool.ch\/?page_id=796"},"modified":"2026-04-08T20:45:55","modified_gmt":"2026-04-08T20:45:55","slug":"christoph-ernst","status":"publish","type":"page","link":"https:\/\/myschool.ch\/index.php\/christoph-ernst\/","title":{"rendered":"Christoph Ernst"},"content":{"rendered":"<div class=\"wpb-content-wrapper\">[vc_row][vc_column width=&#8221;2\/6&#8243;][vc_empty_space][vc_single_image image=&#8221;1093&#8243; img_size=&#8221;large&#8221; css=&#8221;&#8221;][vc_separator border_width=&#8221;5&#8243; css=&#8221;&#8221;][vc_empty_space height=&#8221;18&#8243;][vc_column_text css=&#8221;&#8221;]\n<h6>Christoph Ernst | Partner<\/h6>\n[\/vc_column_text][vc_empty_space height=&#8221;4&#8243;][vc_column_text css=&#8221;&#8221;]Interimsmanagement, Krisenmanagement, Speditions- und Logistikgeneralist[\/vc_column_text][vc_empty_space height=&#8221;10&#8243;][vc_separator border_width=&#8221;5&#8243; css=&#8221;&#8221;][vc_empty_space height=&#8221;16&#8243;][vc_column_text css=&#8221;&#8221;]email | <span class=\"pep-email\">christoph.ernst(Replace this parenthesis with the @ sign)slc-logistic.ch<\/span><br \/>\nmobile | +41 79 632 71 62[\/vc_column_text][vc_separator border_width=&#8221;5&#8243; css=&#8221;&#8221;][vc_empty_space height=&#8221;20&#8243;][vc_column_text]<div class=\"carousel-slider-outer carousel-slider-outer-image-carousel carousel-slider-outer-1051\" style=\"--carousel-slider-nav-color:rgb(102,153,204);--carousel-slider-active-nav-color:rgb(109,109,109);--carousel-slider-arrow-size:48px;--carousel-slider-bullet-size:10px\">\n<div id=\"&#039;id-1051\" class=\"carousel-slider carousel-slider-1051 arrows-visibility-always dots-visibility-never arrows-inside dots-center dots-circle owl-carousel\" data-slide-type=\"image-carousel\" data-owl-settings='{\"nav\":true,\"dots\":false,\"slideBy\":1,\"stagePadding\":0,\"margin\":7,\"loop\":true,\"lazyLoad\":false,\"autoplay\":true,\"autoplayTimeout\":5000,\"autoplaySpeed\":500,\"autoplayHoverPause\":true,\"autoWidth\":true,\"responsive\":{\"300\":{\"items\":1},\"576\":{\"items\":2},\"768\":{\"items\":2},\"1024\":{\"items\":3},\"1280\":{\"items\":4},\"1536\":{\"items\":5}}}'>\n<div class=\"carousel-slider__item\">\n\t<a href=\"https:\/\/myschool.ch\/index.php\/andreas-staeheli\/\" target=\"_self\"><img decoding=\"async\" width=\"150\" height=\"150\" src=\"https:\/\/myschool.ch\/wp-content\/uploads\/2026\/04\/J_Andreas-Staeheli_03-150x150.jpg\" class=\"attachment-thumbnail size-thumbnail\" alt=\"\" srcset=\"https:\/\/myschool.ch\/wp-content\/uploads\/2026\/04\/J_Andreas-Staeheli_03-150x150.jpg 150w, https:\/\/myschool.ch\/wp-content\/uploads\/2026\/04\/J_Andreas-Staeheli_03-300x300.jpg 300w, https:\/\/myschool.ch\/wp-content\/uploads\/2026\/04\/J_Andreas-Staeheli_03.jpg 450w\" sizes=\"(max-width: 150px) 100vw, 150px\" \/><div class=\"carousel-slider__caption\"><p class=\"caption\">Andreas St\u00e4heli<\/p><\/div><\/a><\/div>\n\n<div class=\"carousel-slider__item\">\n\t<a href=\"https:\/\/myschool.ch\/index.php\/carlos-methner\/\" target=\"_self\"><img decoding=\"async\" width=\"150\" height=\"150\" src=\"https:\/\/myschool.ch\/wp-content\/uploads\/2026\/04\/J_Carlos-Methner_03-150x150.jpg\" class=\"attachment-thumbnail size-thumbnail\" alt=\"\" srcset=\"https:\/\/myschool.ch\/wp-content\/uploads\/2026\/04\/J_Carlos-Methner_03-150x150.jpg 150w, https:\/\/myschool.ch\/wp-content\/uploads\/2026\/04\/J_Carlos-Methner_03-300x300.jpg 300w, https:\/\/myschool.ch\/wp-content\/uploads\/2026\/04\/J_Carlos-Methner_03.jpg 450w\" sizes=\"(max-width: 150px) 100vw, 150px\" \/><div class=\"carousel-slider__caption\"><p class=\"caption\">Carlos Methner<\/p><\/div><\/a><\/div>\n\n<div class=\"carousel-slider__item\">\n\t<a href=\"https:\/\/myschool.ch\/index.php\/christian-pestalozzi\/\" target=\"_self\"><img decoding=\"async\" width=\"150\" height=\"150\" src=\"https:\/\/myschool.ch\/wp-content\/uploads\/2026\/04\/J_Christian_Pestalozzi_03-150x150.jpg\" class=\"attachment-thumbnail size-thumbnail\" alt=\"\" srcset=\"https:\/\/myschool.ch\/wp-content\/uploads\/2026\/04\/J_Christian_Pestalozzi_03-150x150.jpg 150w, https:\/\/myschool.ch\/wp-content\/uploads\/2026\/04\/J_Christian_Pestalozzi_03-300x300.jpg 300w, https:\/\/myschool.ch\/wp-content\/uploads\/2026\/04\/J_Christian_Pestalozzi_03.jpg 450w\" sizes=\"(max-width: 150px) 100vw, 150px\" \/><div class=\"carousel-slider__caption\"><p class=\"caption\">Christian Pestalozzi<\/p><\/div><\/a><\/div>\n\n<div class=\"carousel-slider__item\">\n\t<a href=\"https:\/\/myschool.ch\/index.php\/christian-aeschlimann\/\" target=\"_self\"><img loading=\"lazy\" decoding=\"async\" width=\"150\" height=\"150\" src=\"https:\/\/myschool.ch\/wp-content\/uploads\/2026\/04\/J_Christian-Aeschliman_03-150x150.jpg\" class=\"attachment-thumbnail size-thumbnail\" alt=\"\" srcset=\"https:\/\/myschool.ch\/wp-content\/uploads\/2026\/04\/J_Christian-Aeschliman_03-150x150.jpg 150w, https:\/\/myschool.ch\/wp-content\/uploads\/2026\/04\/J_Christian-Aeschliman_03-300x300.jpg 300w, https:\/\/myschool.ch\/wp-content\/uploads\/2026\/04\/J_Christian-Aeschliman_03.jpg 450w\" sizes=\"(max-width: 150px) 100vw, 150px\" \/><div class=\"carousel-slider__caption\"><p class=\"caption\">Christian Aeschliman<\/p><\/div><\/a><\/div>\n\n<div class=\"carousel-slider__item\">\n\t<a href=\"https:\/\/myschool.ch\/index.php\/christian-merkel\/\" target=\"_self\"><img loading=\"lazy\" decoding=\"async\" width=\"150\" height=\"150\" src=\"https:\/\/myschool.ch\/wp-content\/uploads\/2026\/04\/J_Christian-Merkel_03-150x150.jpg\" class=\"attachment-thumbnail size-thumbnail\" alt=\"\" srcset=\"https:\/\/myschool.ch\/wp-content\/uploads\/2026\/04\/J_Christian-Merkel_03-150x150.jpg 150w, https:\/\/myschool.ch\/wp-content\/uploads\/2026\/04\/J_Christian-Merkel_03-300x300.jpg 300w, https:\/\/myschool.ch\/wp-content\/uploads\/2026\/04\/J_Christian-Merkel_03.jpg 450w\" sizes=\"(max-width: 150px) 100vw, 150px\" \/><div class=\"carousel-slider__caption\"><p class=\"caption\">Christian Merkel<\/p><\/div><\/a><\/div>\n\n<div class=\"carousel-slider__item\">\n\t<a href=\"https:\/\/myschool.ch\/index.php\/christoph-ernst\/\" target=\"_self\"><img loading=\"lazy\" decoding=\"async\" width=\"150\" height=\"150\" src=\"https:\/\/myschool.ch\/wp-content\/uploads\/2026\/04\/J_Christoph-Ernst_02-150x150.jpg\" class=\"attachment-thumbnail size-thumbnail\" alt=\"\" srcset=\"https:\/\/myschool.ch\/wp-content\/uploads\/2026\/04\/J_Christoph-Ernst_02-150x150.jpg 150w, https:\/\/myschool.ch\/wp-content\/uploads\/2026\/04\/J_Christoph-Ernst_02-300x300.jpg 300w, https:\/\/myschool.ch\/wp-content\/uploads\/2026\/04\/J_Christoph-Ernst_02.jpg 450w\" sizes=\"(max-width: 150px) 100vw, 150px\" \/><div class=\"carousel-slider__caption\"><p class=\"caption\">Christoph Ernst<\/p><\/div><\/a><\/div>\n\n<div class=\"carousel-slider__item\">\n\t<a href=\"https:\/\/myschool.ch\/index.php\/rolf-mueller\/\" target=\"_self\"><img loading=\"lazy\" decoding=\"async\" width=\"150\" height=\"150\" src=\"https:\/\/myschool.ch\/wp-content\/uploads\/2026\/04\/J_Rolf-Mueller_03-150x150.jpg\" class=\"attachment-thumbnail size-thumbnail\" alt=\"\" srcset=\"https:\/\/myschool.ch\/wp-content\/uploads\/2026\/04\/J_Rolf-Mueller_03-150x150.jpg 150w, https:\/\/myschool.ch\/wp-content\/uploads\/2026\/04\/J_Rolf-Mueller_03-300x300.jpg 300w, https:\/\/myschool.ch\/wp-content\/uploads\/2026\/04\/J_Rolf-Mueller_03.jpg 450w\" sizes=\"(max-width: 150px) 100vw, 150px\" \/><div class=\"carousel-slider__caption\"><p class=\"caption\">Rolf M\u00fcller<\/p><\/div><\/a><\/div>\n\n<div class=\"carousel-slider__item\">\n\t<a href=\"https:\/\/myschool.ch\/index.php\/werner-hagist\/\" target=\"_self\"><img loading=\"lazy\" decoding=\"async\" width=\"150\" height=\"150\" src=\"https:\/\/myschool.ch\/wp-content\/uploads\/2026\/04\/J_Werner-Hagist_03-150x150.jpg\" class=\"attachment-thumbnail size-thumbnail\" alt=\"\" srcset=\"https:\/\/myschool.ch\/wp-content\/uploads\/2026\/04\/J_Werner-Hagist_03-150x150.jpg 150w, https:\/\/myschool.ch\/wp-content\/uploads\/2026\/04\/J_Werner-Hagist_03-300x300.jpg 300w, https:\/\/myschool.ch\/wp-content\/uploads\/2026\/04\/J_Werner-Hagist_03.jpg 450w\" sizes=\"(max-width: 150px) 100vw, 150px\" \/><div class=\"carousel-slider__caption\"><p class=\"caption\">Werner Hagist<\/p><\/div><\/a><\/div>\n\n<\/div><!-- .carousel-slider-1051 -->\n<\/div><!-- .carousel-slider-outer-1051 -->\n[\/vc_column_text][\/vc_column][vc_column width=&#8221;2\/6&#8243;][vc_empty_space][vc_column_text css=&#8221;&#8221;]\n<h6>Ausbildung<\/h6>\n<p>Grundausbildung zum Speditionskaufmann und verschiedene Weiterbildungs-kurse (Management, Personalf\u00fchrung, etc.).<br \/>\nMitarbeit und internationale Missionen als Transportfachmann f\u00fcr SKH und IKRK. Leitende Funktionen im Transportamt des BWL.<br \/>\nSpeditions- Generalist mit breiter Managementerfahrung.<\/p>\n<h6>Berufliche T\u00e4tigkeit\/Laufbahn<\/h6>\n<p>8 Lehr- und Wanderjahre, Blaufries, K\u00fchne &amp; Nagel 14 Jahre Pakhoed Prokurist, Vice Direktor 10 Jahre Panalpina Welttransport AG Basel + Panalpina AG Basel Prokurist, Vize Direktor, Direktor, Container NVOCC-Verkehr Nah-\/Fernost via UdSSR\/See, Gesch\u00e4ftsleitung Basel ; Direktor Import\/Export \u00dcbersee PAW<br \/>\n17 Jahre Danzas AG, Basel<br \/>\nVizedirektor \u00dcbersee, delegiert als gesch\u00e4ftsf\u00fchrender Direktor zu den Danzas Beteiligungsgesellschaften CONTEBA Container-Terminal Basel AG und RGU in Basel , Leiter \u00dcbersee Danzas Schweiz, Terminalleiter Danzas Basel, Leitung Veron Grauer Schweiz<\/p>\n<h6>Beratungst\u00e4tigkeit und Kernkompetenzen<\/h6>\n<p>Seit 2004 bei SLC, Interimsmanagement u.a. bei RM Regionalverkehr Mittelland (Crossrail), HRT Hochrheinterminal Rekingen u.a.<\/p>\n<p>Sehr erfahrener Speditions-Praktiker mit hoher Marketing Kompetenz in allen Sparten. \u00dcbernahme von F\u00fchrungsaufgaben in Krisensituationen und bei Engp\u00e4ssen.[\/vc_column_text][\/vc_column][\/vc_row]\n<\/div>","protected":false},"excerpt":{"rendered":"<p>[vc_row][vc_column width=&#8221;2\/6&#8243;][vc_empty_space][vc_single_image image=&#8221;1093&#8243; img_size=&#8221;large&#8221; css=&#8221;&#8221;][vc_separator border_width=&#8221;5&#8243; css=&#8221;&#8221;][vc_empty_space height=&#8221;18&#8243;][vc_column_text css=&#8221;&#8221;] Christoph Ernst | Partner [\/vc_column_text][vc_empty_space height=&#8221;4&#8243;][vc_column_text css=&#8221;&#8221;]Interimsmanagement, Krisenmanagement, Speditions- und Logistikgeneralist[\/vc_column_text][vc_empty_space height=&#8221;10&#8243;][vc_separator border_width=&#8221;5&#8243; css=&#8221;&#8221;][vc_empty_space height=&#8221;16&#8243;][vc_column_text css=&#8221;&#8221;]email&#8230;<\/p>\n","protected":false},"author":1,"featured_media":0,"parent":0,"menu_order":0,"comment_status":"closed","ping_status":"closed","template":"","meta":{"footnotes":"","_links_to":"","_links_to_target":""},"class_list":["post-796","page","type-page","status-publish","hentry"],"_links":{"self":[{"href":"https:\/\/myschool.ch\/index.php\/wp-json\/wp\/v2\/pages\/796","targetHints":{"allow":["GET"]}}],"collection":[{"href":"https:\/\/myschool.ch\/index.php\/wp-json\/wp\/v2\/pages"}],"about":[{"href":"https:\/\/myschool.ch\/index.php\/wp-json\/wp\/v2\/types\/page"}],"author":[{"embeddable":true,"href":"https:\/\/myschool.ch\/index.php\/wp-json\/wp\/v2\/users\/1"}],"replies":[{"embeddable":true,"href":"https:\/\/myschool.ch\/index.php\/wp-json\/wp\/v2\/comments?post=796"}],"version-history":[{"count":10,"href":"https:\/\/myschool.ch\/index.php\/wp-json\/wp\/v2\/pages\/796\/revisions"}],"predecessor-version":[{"id":798,"href":"https:\/\/myschool.ch\/index.php\/wp-json\/wp\/v2\/pages\/796\/revisions\/798"}],"wp:attachment":[{"href":"https:\/\/myschool.ch\/index.php\/wp-json\/wp\/v2\/media?parent=796"}],"curies":[{"name":"wp","href":"https:\/\/api.w.org\/{rel}","templated":true}]}}

<div class="wpb-content-wrapper">[vc_row][vc_column width=&#8221;2/6&#8243;][vc_empty_space][vc_single_image image=&#8221;1093&#8243; img_size=&#8221;large&#8221; css=&#8221;&#8221;][vc_separator border_width=&#8221;5&#8243; css=&#8221;&#8221;][vc_empty_space height=&#8221;18&#8243;][vc_column_text css=&#8221;&#8221;]
<h6>Christoph Ernst | Partner</h6>
[/vc_column_text][vc_empty_space height=&#8221;4&#8243;][vc_column_text css=&#8221;&#8221;]Interimsmanagement, Krisenmanagement, Speditions- und Logistikgeneralist[/vc_column_text][vc_empty_space height=&#8221;10&#8243;][vc_separator border_width=&#8221;5&#8243; css=&#8221;&#8221;][vc_empty_space height=&#8221;16&#8243;][vc_column_text css=&#8221;&#8221;]email | <span class="pep-email">christoph.ernst(Replace this parenthesis with the @ sign)slc-logistic.ch</span><br />
mobile | +41 79 632 71 62[/vc_column_text][vc_separator border_width=&#8221;5&#8243; css=&#8221;&#8221;][vc_empty_space height=&#8221;20&#8243;][vc_column_text]<div class="carousel-slider-outer carousel-slider-outer-image-carousel carousel-slider-outer-1051" style="--carousel-slider-nav-color:rgb(102,153,204);--carousel-slider-active-nav-color:rgb(109,109,109);--carousel-slider-arrow-size:48px;--carousel-slider-bullet-size:10px">
<div id="&#039;id-1051" class="carousel-slider carousel-slider-1051 arrows-visibility-always dots-visibility-never arrows-inside dots-center dots-circle owl-carousel" data-slide-type="image-carousel" data-owl-settings='{"nav":true,"dots":false,"slideBy":1,"stagePadding":0,"margin":7,"loop":true,"lazyLoad":false,"autoplay":true,"autoplayTimeout":5000,"autoplaySpeed":500,"autoplayHoverPause":true,"autoWidth":true,"responsive":{"300":{"items":1},"576":{"items":2},"768":{"items":2},"1024":{"items":3},"1280":{"items":4},"1536":{"items":5}}}'>
<div class="carousel-slider__item">
	<a href="https://myschool.ch/index.php/andreas-staeheli/" target="_self"><img decoding="async" width="150" height="150" src="https://myschool.ch/wp-content/uploads/2026/04/J_Andreas-Staeheli_03-150x150.jpg" class="attachment-thumbnail size-thumbnail" alt="" srcset="https://myschool.ch/wp-content/uploads/2026/04/J_Andreas-Staeheli_03-150x150.jpg 150w, https://myschool.ch/wp-content/uploads/2026/04/J_Andreas-Staeheli_03-300x300.jpg 300w, https://myschool.ch/wp-content/uploads/2026/04/J_Andreas-Staeheli_03.jpg 450w" sizes="(max-width: 150px) 100vw, 150px" /><div class="carousel-slider__caption"><p class="caption">Andreas Stäheli</p></div></a></div>

<div class="carousel-slider__item">
	<a href="https://myschool.ch/index.php/carlos-methner/" target="_self"><img decoding="async" width="150" height="150" src="https://myschool.ch/wp-content/uploads/2026/04/J_Carlos-Methner_03-150x150.jpg" class="attachment-thumbnail size-thumbnail" alt="" srcset="https://myschool.ch/wp-content/uploads/2026/04/J_Carlos-Methner_03-150x150.jpg 150w, https://myschool.ch/wp-content/uploads/2026/04/J_Carlos-Methner_03-300x300.jpg 300w, https://myschool.ch/wp-content/uploads/2026/04/J_Carlos-Methner_03.jpg 450w" sizes="(max-width: 150px) 100vw, 150px" /><div class="carousel-slider__caption"><p class="caption">Carlos Methner</p></div></a></div>

<div class="carousel-slider__item">
	<a href="https://myschool.ch/index.php/christian-pestalozzi/" target="_self"><img decoding="async" width="150" height="150" src="https://myschool.ch/wp-content/uploads/2026/04/J_Christian_Pestalozzi_03-150x150.jpg" class="attachment-thumbnail size-thumbnail" alt="" srcset="https://myschool.ch/wp-content/uploads/2026/04/J_Christian_Pestalozzi_03-150x150.jpg 150w, https://myschool.ch/wp-content/uploads/2026/04/J_Christian_Pestalozzi_03-300x300.jpg 300w, https://myschool.ch/wp-content/uploads/2026/04/J_Christian_Pestalozzi_03.jpg 450w" sizes="(max-width: 150px) 100vw, 150px" /><div class="carousel-slider__caption"><p class="caption">Christian Pestalozzi</p></div></a></div>

<div class="carousel-slider__item">
	<a href="https://myschool.ch/index.php/christian-aeschlimann/" target="_self"><img loading="lazy" decoding="async" width="150" height="150" src="https://myschool.ch/wp-content/uploads/2026/04/J_Christian-Aeschliman_03-150x150.jpg" class="attachment-thumbnail size-thumbnail" alt="" srcset="https://myschool.ch/wp-content/uploads/2026/04/J_Christian-Aeschliman_03-150x150.jpg 150w, https://myschool.ch/wp-content/uploads/2026/04/J_Christian-Aeschliman_03-300x300.jpg 300w, https://myschool.ch/wp-content/uploads/2026/04/J_Christian-Aeschliman_03.jpg 450w" sizes="(max-width: 150px) 100vw, 150px" /><div class="carousel-slider__caption"><p class="caption">Christian Aeschliman</p></div></a></div>

<div class="carousel-slider__item">
	<a href="https://myschool.ch/index.php/christian-merkel/" target="_self"><img loading="lazy" decoding="async" width="150" height="150" src="https://myschool.ch/wp-content/uploads/2026/04/J_Christian-Merkel_03-150x150.jpg" class="attachment-thumbnail size-thumbnail" alt="" srcset="https://myschool.ch/wp-content/uploads/2026/04/J_Christian-Merkel_03-150x150.jpg 150w, https://myschool.ch/wp-content/uploads/2026/04/J_Christian-Merkel_03-300x300.jpg 300w, https://myschool.ch/wp-content/uploads/2026/04/J_Christian-Merkel_03.jpg 450w" sizes="(max-width: 150px) 100vw, 150px" /><div class="carousel-slider__caption"><p class="caption">Christian Merkel</p></div></a></div>

<div class="carousel-slider__item">
	<a href="https://myschool.ch/index.php/christoph-ernst/" target="_self"><img loading="lazy" decoding="async" width="150" height="150" src="https://myschool.ch/wp-content/uploads/2026/04/J_Christoph-Ernst_02-150x150.jpg" class="attachment-thumbnail size-thumbnail" alt="" srcset="https://myschool.ch/wp-content/uploads/2026/04/J_Christoph-Ernst_02-150x150.jpg 150w, https://myschool.ch/wp-content/uploads/2026/04/J_Christoph-Ernst_02-300x300.jpg 300w, https://myschool.ch/wp-content/uploads/2026/04/J_Christoph-Ernst_02.jpg 450w" sizes="(max-width: 150px) 100vw, 150px" /><div class="carousel-slider__caption"><p class="caption">Christoph Ernst</p></div></a></div>

<div class="carousel-slider__item">
	<a href="https://myschool.ch/index.php/rolf-mueller/" target="_self"><img loading="lazy" decoding="async" width="150" height="150" src="https://myschool.ch/wp-content/uploads/2026/04/J_Rolf-Mueller_03-150x150.jpg" class="attachment-thumbnail size-thumbnail" alt="" srcset="https://myschool.ch/wp-content/uploads/2026/04/J_Rolf-Mueller_03-150x150.jpg 150w, https://myschool.ch/wp-content/uploads/2026/04/J_Rolf-Mueller_03-300x300.jpg 300w, https://myschool.ch/wp-content/uploads/2026/04/J_Rolf-Mueller_03.jpg 450w" sizes="(max-width: 150px) 100vw, 150px" /><div class="carousel-slider__caption"><p class="caption">Rolf Müller</p></div></a></div>

<div class="carousel-slider__item">
	<a href="https://myschool.ch/index.php/werner-hagist/" target="_self"><img loading="lazy" decoding="async" width="150" height="150" src="https://myschool.ch/wp-content/uploads/2026/04/J_Werner-Hagist_03-150x150.jpg" class="attachment-thumbnail size-thumbnail" alt="" srcset="https://myschool.ch/wp-content/uploads/2026/04/J_Werner-Hagist_03-150x150.jpg 150w, https://myschool.ch/wp-content/uploads/2026/04/J_Werner-Hagist_03-300x300.jpg 300w, https://myschool.ch/wp-content/uploads/2026/04/J_Werner-Hagist_03.jpg 450w" sizes="(max-width: 150px) 100vw, 150px" /><div class="carousel-slider__caption"><p class="caption">Werner Hagist</p></div></a></div>

</div><!-- .carousel-slider-1051 -->
</div><!-- .carousel-slider-outer-1051 -->
[/vc_column_text][/vc_column][vc_column width=&#8221;2/6&#8243;][vc_empty_space][vc_column_text css=&#8221;&#8221;]
<h6>Ausbildung</h6>
<p>Grundausbildung zum Speditionskaufmann und verschiedene Weiterbildungs-kurse (Management, Personalführung, etc.).<br />
Mitarbeit und internationale Missionen als Transportfachmann für SKH und IKRK. Leitende Funktionen im Transportamt des BWL.<br />
Speditions- Generalist mit breiter Managementerfahrung.</p>
<h6>Berufliche Tätigkeit/Laufbahn</h6>
<p>8 Lehr- und Wanderjahre, Blaufries, Kühne &amp; Nagel 14 Jahre Pakhoed Prokurist, Vice Direktor 10 Jahre Panalpina Welttransport AG Basel + Panalpina AG Basel Prokurist, Vize Direktor, Direktor, Container NVOCC-Verkehr Nah-/Fernost via UdSSR/See, Geschäftsleitung Basel ; Direktor Import/Export Übersee PAW<br />
17 Jahre Danzas AG, Basel<br />
Vizedirektor Übersee, delegiert als geschäftsführender Direktor zu den Danzas Beteiligungsgesellschaften CONTEBA Container-Terminal Basel AG und RGU in Basel , Leiter Übersee Danzas Schweiz, Terminalleiter Danzas Basel, Leitung Veron Grauer Schweiz</p>
<h6>Beratungstätigkeit und Kernkompetenzen</h6>
<p>Seit 2004 bei SLC, Interimsmanagement u.a. bei RM Regionalverkehr Mittelland (Crossrail), HRT Hochrheinterminal Rekingen u.a.</p>
<p>Sehr erfahrener Speditions-Praktiker mit hoher Marketing Kompetenz in allen Sparten. Übernahme von Führungsaufgaben in Krisensituationen und bei Engpässen.[/vc_column_text][/vc_column][/vc_row]
</div>
