{"id":662,"date":"2026-02-02T21:07:42","date_gmt":"2026-02-02T21:07:42","guid":{"rendered":"https:\/\/myschool.ch\/?page_id=662"},"modified":"2026-02-05T00:33:59","modified_gmt":"2026-02-05T00:33:59","slug":"team","status":"publish","type":"page","link":"https:\/\/myschool.ch\/index.php\/team\/","title":{"rendered":"Team"},"content":{"rendered":"<div class=\"wpb-content-wrapper\">[vc_row css=&#8221;.vc_custom_1770251635426{margin-left: 0px !important;border-left-width: 0px !important;}&#8221;][vc_column][vc_tta_tabs][vc_tta_section title=&#8221;Max Muster&#8221; tab_id=&#8221;1770247712688-4a1490b9-e71a&#8221;][vc_single_image image=&#8221;122&#8243; img_size=&#8221;full&#8221; add_caption=&#8221;yes&#8221; css=&#8221;&#8221;][vc_column_text css=&#8221;&#8221;][\/vc_column_text][\/vc_tta_section][vc_tta_section title=&#8221;CV Max Muster&#8221; tab_id=&#8221;1770247712692-6f6e20ec-fb4e&#8221;][vc_column_text css=&#8221;&#8221;]\n<h6>Max Muster, Partner<\/h6>\n<p>Projektmanagement und -support, Strategie- und Organisationsentwicklung<\/p>\n<p>&nbsp;<\/p>\n<h6>Ausbildung<\/h6>\n<p>Speditionskaufmann<br \/>\nBerufsabschl\u00fcsse im Zollbereich und Zertifizierungen in Unternehmensf\u00fchrung, Qualit\u00e4tsmanagement, Personalf\u00fchrung sowie Logistik- und Projektmanagement.<br \/>\nExperte f\u00fcr grenz\u00fcberschreitenden Transportlogistik-\/Verzollungsservice.<br \/>\nBerufliche T\u00e4tigkeit\/Laufbahn<br \/>\nAls passionierter Unternehmer habe ich Spass an logistischen Herausforderungen.<br \/>\nIn leitenden Karrierepositionen erhielt ich Einblicke und sammelte meine Erfahrung u.a. bei Fritz Meyer Transporte, FM-Verzollungs AG und Swiss Post International. Seit 2009 bin ich Inhaber und Gesch\u00e4ftsleiter der VL Verzollung &amp; Logistik AG.<br \/>\nBeratungst\u00e4tigkeit und Kernkompetenzen<\/p>\n<p>&nbsp;<\/p>\n<h6>Logistikexpertise:<\/h6>\n<p>Strategische &amp; operative Beratung in Ver\u00e4nderungsprozessen &amp; Unternehmensf\u00fchrung, Optimierung Supply-Chain-Management, Logistik-Management, Projektmanagement, Quality Management.<\/p>\n<p>&nbsp;<\/p>\n<h6>Verzollungsexpertise:<\/h6>\n<p>Abfertigungen Im-\/Export, Messen, Ausstellungen, grenz\u00fcberschreitender Transport von lebenden Tieren (inkl. Artenschutz) Vermitteln von Fachwissen als Experte\/Pr\u00e4sident im Ausbildungsverbund Spedlogswiss Nordwestschweiz<\/p>\n<p>&nbsp;<\/p>\n<h6>Networking\/Charity\/Volunteering:<\/h6>\n<p>Mein berufliches und privates Netzwerk (u.a. ehemaliges Vorstandsmitglied Basler Fasnachts-Comit\u00e9, KIWANIS) ist aktiv und intakt. F\u00fcr mein ehrenamtliches Engagement, welches ich seit mehr als 20 Jahren als Vereins-Pr\u00e4sident des Erlen-Tierparks zum Wohle der Bev\u00f6lkerung aus\u00fcbe, wurde ich 2015 vom who-is-who Magazin als einer der 200 prominentesten Basler Pers\u00f6nlichkeiten geehrt.<br \/>\nChristian Aeschlimann<\/p>\n<p>email<br \/>\n<span class=\"pep-email\">ch.aeschlimann(Replace this parenthesis with the @ sign)slc-logistic.ch<\/span><br \/>\nmobile<br \/>\n+41 79 320 38 67[\/vc_column_text][\/vc_tta_section][vc_tta_section title=&#8221;Tanja Braun&#8221; tab_id=&#8221;1770250041598-6ad05af3-97a7&#8243;][vc_single_image image=&#8221;123&#8243; img_size=&#8221;full&#8221; css=&#8221;&#8221;][\/vc_tta_section][vc_tta_section title=&#8221;CV Tanja Braun&#8221; tab_id=&#8221;1770248680012-e7fdcce7-1872&#8243;][vc_column_text css=&#8221;&#8221;]\n<h6>Max Muster, Partner<\/h6>\n<p>Projektmanagement und -support, Strategie- und Organisationsentwicklung<\/p>\n<p>&nbsp;<\/p>\n<h6>Ausbildung<\/h6>\n<p>Speditionskaufmann<br \/>\nBerufsabschl\u00fcsse im Zollbereich und Zertifizierungen in Unternehmensf\u00fchrung, Qualit\u00e4tsmanagement, Personalf\u00fchrung sowie Logistik- und Projektmanagement.<br \/>\nExperte f\u00fcr grenz\u00fcberschreitenden Transportlogistik-\/Verzollungsservice.<br \/>\nBerufliche T\u00e4tigkeit\/Laufbahn<br \/>\nAls passionierter Unternehmer habe ich Spass an logistischen Herausforderungen.<br \/>\nIn leitenden Karrierepositionen erhielt ich Einblicke und sammelte meine Erfahrung u.a. bei Fritz Meyer Transporte, FM-Verzollungs AG und Swiss Post International. Seit 2009 bin ich Inhaber und Gesch\u00e4ftsleiter der VL Verzollung &amp; Logistik AG.<br \/>\nBeratungst\u00e4tigkeit und Kernkompetenzen<\/p>\n<p>&nbsp;<\/p>\n<h6>Logistikexpertise:<\/h6>\n<p>Strategische &amp; operative Beratung in Ver\u00e4nderungsprozessen &amp; Unternehmensf\u00fchrung, Optimierung Supply-Chain-Management, Logistik-Management, Projektmanagement, Quality Management.<\/p>\n<p>&nbsp;<\/p>\n<h6>Verzollungsexpertise:<\/h6>\n<p>Abfertigungen Im-\/Export, Messen, Ausstellungen, grenz\u00fcberschreitender Transport von lebenden Tieren (inkl. Artenschutz) Vermitteln von Fachwissen als Experte\/Pr\u00e4sident im Ausbildungsverbund Spedlogswiss Nordwestschweiz<\/p>\n<p>&nbsp;<\/p>\n<h6>Networking\/Charity\/Volunteering:<\/h6>\n<p>Mein berufliches und privates Netzwerk (u.a. ehemaliges Vorstandsmitglied Basler Fasnachts-Comit\u00e9, KIWANIS) ist aktiv und intakt. F\u00fcr mein ehrenamtliches Engagement, welches ich seit mehr als 20 Jahren als Vereins-Pr\u00e4sident des Erlen-Tierparks zum Wohle der Bev\u00f6lkerung aus\u00fcbe, wurde ich 2015 vom who-is-who Magazin als einer der 200 prominentesten Basler Pers\u00f6nlichkeiten geehrt.<br \/>\nChristian Aeschlimann<\/p>\n<p>email<br \/>\n<span class=\"pep-email\">ch.aeschlimann(Replace this parenthesis with the @ sign)slc-logistic.ch<\/span><br \/>\nmobile<br \/>\n+41 79 320 38 67[\/vc_column_text][\/vc_tta_section][vc_tta_section title=&#8221;Peter Pan&#8221; tab_id=&#8221;1770248897219-379b6173-5f22&#8243;][vc_single_image image=&#8221;161&#8243; img_size=&#8221;full&#8221; css=&#8221;&#8221;][\/vc_tta_section][vc_tta_section title=&#8221;CV Peter Pan&#8221; tab_id=&#8221;1770248941105-c9e50e7a-a8f0&#8243;][vc_column_text css=&#8221;&#8221;]\n<h6>Max Muster, Partner<\/h6>\n<p>Projektmanagement und -support, Strategie- und Organisationsentwicklung<\/p>\n<p>&nbsp;<\/p>\n<h6>Ausbildung<\/h6>\n<p>Speditionskaufmann<br \/>\nBerufsabschl\u00fcsse im Zollbereich und Zertifizierungen in Unternehmensf\u00fchrung, Qualit\u00e4tsmanagement, Personalf\u00fchrung sowie Logistik- und Projektmanagement.<br \/>\nExperte f\u00fcr grenz\u00fcberschreitenden Transportlogistik-\/Verzollungsservice.<br \/>\nBerufliche T\u00e4tigkeit\/Laufbahn<br \/>\nAls passionierter Unternehmer habe ich Spass an logistischen Herausforderungen.<br \/>\nIn leitenden Karrierepositionen erhielt ich Einblicke und sammelte meine Erfahrung u.a. bei Fritz Meyer Transporte, FM-Verzollungs AG und Swiss Post International. Seit 2009 bin ich Inhaber und Gesch\u00e4ftsleiter der VL Verzollung &amp; Logistik AG.<br \/>\nBeratungst\u00e4tigkeit und Kernkompetenzen<\/p>\n<p>&nbsp;<\/p>\n<h6>Logistikexpertise:<\/h6>\n<p>Strategische &amp; operative Beratung in Ver\u00e4nderungsprozessen &amp; Unternehmensf\u00fchrung, Optimierung Supply-Chain-Management, Logistik-Management, Projektmanagement, Quality Management.<\/p>\n<p>&nbsp;<\/p>\n<h6>Verzollungsexpertise:<\/h6>\n<p>Abfertigungen Im-\/Export, Messen, Ausstellungen, grenz\u00fcberschreitender Transport von lebenden Tieren (inkl. Artenschutz) Vermitteln von Fachwissen als Experte\/Pr\u00e4sident im Ausbildungsverbund Spedlogswiss Nordwestschweiz<\/p>\n<p>&nbsp;<\/p>\n<h6>Networking\/Charity\/Volunteering:<\/h6>\n<p>Mein berufliches und privates Netzwerk (u.a. ehemaliges Vorstandsmitglied Basler Fasnachts-Comit\u00e9, KIWANIS) ist aktiv und intakt. F\u00fcr mein ehrenamtliches Engagement, welches ich seit mehr als 20 Jahren als Vereins-Pr\u00e4sident des Erlen-Tierparks zum Wohle der Bev\u00f6lkerung aus\u00fcbe, wurde ich 2015 vom who-is-who Magazin als einer der 200 prominentesten Basler Pers\u00f6nlichkeiten geehrt.<br \/>\nChristian Aeschlimann<\/p>\n<p>email<br \/>\n<span class=\"pep-email\">ch.aeschlimann(Replace this parenthesis with the @ sign)slc-logistic.ch<\/span><br \/>\nmobile<br \/>\n+41 79 320 38 67[\/vc_column_text][\/vc_tta_section][\/vc_tta_tabs][\/vc_column][\/vc_row]\n<\/div>","protected":false},"excerpt":{"rendered":"<p>[vc_row css=&#8221;.vc_custom_1770251635426{margin-left: 0px !important;border-left-width: 0px !important;}&#8221;][vc_column][vc_tta_tabs][vc_tta_section title=&#8221;Max Muster&#8221; tab_id=&#8221;1770247712688-4a1490b9-e71a&#8221;][vc_single_image image=&#8221;122&#8243; img_size=&#8221;full&#8221; add_caption=&#8221;yes&#8221; css=&#8221;&#8221;][vc_column_text css=&#8221;&#8221;][\/vc_column_text][\/vc_tta_section][vc_tta_section title=&#8221;CV Max Muster&#8221; tab_id=&#8221;1770247712692-6f6e20ec-fb4e&#8221;][vc_column_text css=&#8221;&#8221;] Max Muster, Partner Projektmanagement und -support,&#8230;<\/p>\n","protected":false},"author":1,"featured_media":0,"parent":0,"menu_order":0,"comment_status":"closed","ping_status":"closed","template":"","meta":{"footnotes":"","_links_to":"","_links_to_target":""},"class_list":["post-662","page","type-page","status-publish","hentry"],"_links":{"self":[{"href":"https:\/\/myschool.ch\/index.php\/wp-json\/wp\/v2\/pages\/662","targetHints":{"allow":["GET"]}}],"collection":[{"href":"https:\/\/myschool.ch\/index.php\/wp-json\/wp\/v2\/pages"}],"about":[{"href":"https:\/\/myschool.ch\/index.php\/wp-json\/wp\/v2\/types\/page"}],"author":[{"embeddable":true,"href":"https:\/\/myschool.ch\/index.php\/wp-json\/wp\/v2\/users\/1"}],"replies":[{"embeddable":true,"href":"https:\/\/myschool.ch\/index.php\/wp-json\/wp\/v2\/comments?post=662"}],"version-history":[{"count":17,"href":"https:\/\/myschool.ch\/index.php\/wp-json\/wp\/v2\/pages\/662\/revisions"}],"predecessor-version":[{"id":763,"href":"https:\/\/myschool.ch\/index.php\/wp-json\/wp\/v2\/pages\/662\/revisions\/763"}],"wp:attachment":[{"href":"https:\/\/myschool.ch\/index.php\/wp-json\/wp\/v2\/media?parent=662"}],"curies":[{"name":"wp","href":"https:\/\/api.w.org\/{rel}","templated":true}]}}

<div class="wpb-content-wrapper">[vc_row css=&#8221;.vc_custom_1770251635426{margin-left: 0px !important;border-left-width: 0px !important;}&#8221;][vc_column][vc_tta_tabs][vc_tta_section title=&#8221;Max Muster&#8221; tab_id=&#8221;1770247712688-4a1490b9-e71a&#8221;][vc_single_image image=&#8221;122&#8243; img_size=&#8221;full&#8221; add_caption=&#8221;yes&#8221; css=&#8221;&#8221;][vc_column_text css=&#8221;&#8221;][/vc_column_text][/vc_tta_section][vc_tta_section title=&#8221;CV Max Muster&#8221; tab_id=&#8221;1770247712692-6f6e20ec-fb4e&#8221;][vc_column_text css=&#8221;&#8221;]
<h6>Max Muster, Partner</h6>
<p>Projektmanagement und -support, Strategie- und Organisationsentwicklung</p>
<p>&nbsp;</p>
<h6>Ausbildung</h6>
<p>Speditionskaufmann<br />
Berufsabschlüsse im Zollbereich und Zertifizierungen in Unternehmensführung, Qualitätsmanagement, Personalführung sowie Logistik- und Projektmanagement.<br />
Experte für grenzüberschreitenden Transportlogistik-/Verzollungsservice.<br />
Berufliche Tätigkeit/Laufbahn<br />
Als passionierter Unternehmer habe ich Spass an logistischen Herausforderungen.<br />
In leitenden Karrierepositionen erhielt ich Einblicke und sammelte meine Erfahrung u.a. bei Fritz Meyer Transporte, FM-Verzollungs AG und Swiss Post International. Seit 2009 bin ich Inhaber und Geschäftsleiter der VL Verzollung &amp; Logistik AG.<br />
Beratungstätigkeit und Kernkompetenzen</p>
<p>&nbsp;</p>
<h6>Logistikexpertise:</h6>
<p>Strategische &amp; operative Beratung in Veränderungsprozessen &amp; Unternehmensführung, Optimierung Supply-Chain-Management, Logistik-Management, Projektmanagement, Quality Management.</p>
<p>&nbsp;</p>
<h6>Verzollungsexpertise:</h6>
<p>Abfertigungen Im-/Export, Messen, Ausstellungen, grenzüberschreitender Transport von lebenden Tieren (inkl. Artenschutz) Vermitteln von Fachwissen als Experte/Präsident im Ausbildungsverbund Spedlogswiss Nordwestschweiz</p>
<p>&nbsp;</p>
<h6>Networking/Charity/Volunteering:</h6>
<p>Mein berufliches und privates Netzwerk (u.a. ehemaliges Vorstandsmitglied Basler Fasnachts-Comité, KIWANIS) ist aktiv und intakt. Für mein ehrenamtliches Engagement, welches ich seit mehr als 20 Jahren als Vereins-Präsident des Erlen-Tierparks zum Wohle der Bevölkerung ausübe, wurde ich 2015 vom who-is-who Magazin als einer der 200 prominentesten Basler Persönlichkeiten geehrt.<br />
Christian Aeschlimann</p>
<p>email<br />
<span class="pep-email">ch.aeschlimann(Replace this parenthesis with the @ sign)slc-logistic.ch</span><br />
mobile<br />
+41 79 320 38 67[/vc_column_text][/vc_tta_section][vc_tta_section title=&#8221;Tanja Braun&#8221; tab_id=&#8221;1770250041598-6ad05af3-97a7&#8243;][vc_single_image image=&#8221;123&#8243; img_size=&#8221;full&#8221; css=&#8221;&#8221;][/vc_tta_section][vc_tta_section title=&#8221;CV Tanja Braun&#8221; tab_id=&#8221;1770248680012-e7fdcce7-1872&#8243;][vc_column_text css=&#8221;&#8221;]
<h6>Max Muster, Partner</h6>
<p>Projektmanagement und -support, Strategie- und Organisationsentwicklung</p>
<p>&nbsp;</p>
<h6>Ausbildung</h6>
<p>Speditionskaufmann<br />
Berufsabschlüsse im Zollbereich und Zertifizierungen in Unternehmensführung, Qualitätsmanagement, Personalführung sowie Logistik- und Projektmanagement.<br />
Experte für grenzüberschreitenden Transportlogistik-/Verzollungsservice.<br />
Berufliche Tätigkeit/Laufbahn<br />
Als passionierter Unternehmer habe ich Spass an logistischen Herausforderungen.<br />
In leitenden Karrierepositionen erhielt ich Einblicke und sammelte meine Erfahrung u.a. bei Fritz Meyer Transporte, FM-Verzollungs AG und Swiss Post International. Seit 2009 bin ich Inhaber und Geschäftsleiter der VL Verzollung &amp; Logistik AG.<br />
Beratungstätigkeit und Kernkompetenzen</p>
<p>&nbsp;</p>
<h6>Logistikexpertise:</h6>
<p>Strategische &amp; operative Beratung in Veränderungsprozessen &amp; Unternehmensführung, Optimierung Supply-Chain-Management, Logistik-Management, Projektmanagement, Quality Management.</p>
<p>&nbsp;</p>
<h6>Verzollungsexpertise:</h6>
<p>Abfertigungen Im-/Export, Messen, Ausstellungen, grenzüberschreitender Transport von lebenden Tieren (inkl. Artenschutz) Vermitteln von Fachwissen als Experte/Präsident im Ausbildungsverbund Spedlogswiss Nordwestschweiz</p>
<p>&nbsp;</p>
<h6>Networking/Charity/Volunteering:</h6>
<p>Mein berufliches und privates Netzwerk (u.a. ehemaliges Vorstandsmitglied Basler Fasnachts-Comité, KIWANIS) ist aktiv und intakt. Für mein ehrenamtliches Engagement, welches ich seit mehr als 20 Jahren als Vereins-Präsident des Erlen-Tierparks zum Wohle der Bevölkerung ausübe, wurde ich 2015 vom who-is-who Magazin als einer der 200 prominentesten Basler Persönlichkeiten geehrt.<br />
Christian Aeschlimann</p>
<p>email<br />
<span class="pep-email">ch.aeschlimann(Replace this parenthesis with the @ sign)slc-logistic.ch</span><br />
mobile<br />
+41 79 320 38 67[/vc_column_text][/vc_tta_section][vc_tta_section title=&#8221;Peter Pan&#8221; tab_id=&#8221;1770248897219-379b6173-5f22&#8243;][vc_single_image image=&#8221;161&#8243; img_size=&#8221;full&#8221; css=&#8221;&#8221;][/vc_tta_section][vc_tta_section title=&#8221;CV Peter Pan&#8221; tab_id=&#8221;1770248941105-c9e50e7a-a8f0&#8243;][vc_column_text css=&#8221;&#8221;]
<h6>Max Muster, Partner</h6>
<p>Projektmanagement und -support, Strategie- und Organisationsentwicklung</p>
<p>&nbsp;</p>
<h6>Ausbildung</h6>
<p>Speditionskaufmann<br />
Berufsabschlüsse im Zollbereich und Zertifizierungen in Unternehmensführung, Qualitätsmanagement, Personalführung sowie Logistik- und Projektmanagement.<br />
Experte für grenzüberschreitenden Transportlogistik-/Verzollungsservice.<br />
Berufliche Tätigkeit/Laufbahn<br />
Als passionierter Unternehmer habe ich Spass an logistischen Herausforderungen.<br />
In leitenden Karrierepositionen erhielt ich Einblicke und sammelte meine Erfahrung u.a. bei Fritz Meyer Transporte, FM-Verzollungs AG und Swiss Post International. Seit 2009 bin ich Inhaber und Geschäftsleiter der VL Verzollung &amp; Logistik AG.<br />
Beratungstätigkeit und Kernkompetenzen</p>
<p>&nbsp;</p>
<h6>Logistikexpertise:</h6>
<p>Strategische &amp; operative Beratung in Veränderungsprozessen &amp; Unternehmensführung, Optimierung Supply-Chain-Management, Logistik-Management, Projektmanagement, Quality Management.</p>
<p>&nbsp;</p>
<h6>Verzollungsexpertise:</h6>
<p>Abfertigungen Im-/Export, Messen, Ausstellungen, grenzüberschreitender Transport von lebenden Tieren (inkl. Artenschutz) Vermitteln von Fachwissen als Experte/Präsident im Ausbildungsverbund Spedlogswiss Nordwestschweiz</p>
<p>&nbsp;</p>
<h6>Networking/Charity/Volunteering:</h6>
<p>Mein berufliches und privates Netzwerk (u.a. ehemaliges Vorstandsmitglied Basler Fasnachts-Comité, KIWANIS) ist aktiv und intakt. Für mein ehrenamtliches Engagement, welches ich seit mehr als 20 Jahren als Vereins-Präsident des Erlen-Tierparks zum Wohle der Bevölkerung ausübe, wurde ich 2015 vom who-is-who Magazin als einer der 200 prominentesten Basler Persönlichkeiten geehrt.<br />
Christian Aeschlimann</p>
<p>email<br />
<span class="pep-email">ch.aeschlimann(Replace this parenthesis with the @ sign)slc-logistic.ch</span><br />
mobile<br />
+41 79 320 38 67[/vc_column_text][/vc_tta_section][/vc_tta_tabs][/vc_column][/vc_row]
</div>
