{"id":651,"date":"2026-02-02T20:58:26","date_gmt":"2026-02-02T20:58:26","guid":{"rendered":"https:\/\/myschool.ch\/?page_id=651"},"modified":"2026-04-09T03:37:28","modified_gmt":"2026-04-09T03:37:28","slug":"organisationsentwicklung","status":"publish","type":"page","link":"https:\/\/myschool.ch\/index.php\/organisationsentwicklung\/","title":{"rendered":"Organisationsentwicklung"},"content":{"rendered":"<div class=\"wpb-content-wrapper\">[vc_row][vc_column][vc_column_text css=&#8221;&#8221;]\n<h6>Angebot<\/h6>\n<p>Im Bereich Organisationsentwicklung unterst\u00fctzt SLC Unternehmen dabei, F\u00fchrungsstrukturen zu sch\u00e4rfen und den Fokus im Management nachhaltig zu st\u00e4rken. Oftmals f\u00fchren unklare Priorit\u00e4ten, unvollst\u00e4ndiges Wissen oder das Verdr\u00e4ngen von Problemen zu eingeschr\u00e4nkter Handlungsf\u00e4higkeit. SLC schafft Transparenz, spricht kritische Themen offen an und begleitet F\u00fchrungskr\u00e4fte dabei, fundierte und wirksame Entscheidungen zu treffen.<br \/>\nEin weiterer Schwerpunkt liegt auf der Analyse und Optimierung von Prozessen. Fehlende Prozessdisziplin sowie ineffiziente oder disfunktionale Abl\u00e4ufe werden identifiziert und gemeinsam mit den Verantwortlichen nachhaltig verbessert. Zudem begleitet SLC Unternehmen bei der Entwicklung tragf\u00e4higer Nachfolge- und \u00dcbergabemodelle, insbesondere im Spannungsfeld von Generationenwechseln. So werden Kontinuit\u00e4t, Stabilit\u00e4t und eine zukunftsf\u00e4hige Organisation sichergestellt.<\/p>\n<p>&nbsp;<\/p>\n<h6><a href=\"https:\/\/myschool.ch\/index.php\/maerkte\/\">Zielgruppen<\/a><\/h6>\n<p>\u2022 Familienunternehmungen, KMU\u2019s<br \/>\n\u2022 Beh\u00f6rden (Gemeinden, Kantone, insbesondere Nordwestschweiz), unter anderem als Sponsoren von Start-Ups<br \/>\n\u2022 Unternehmungen und Organisationen aus dem Netzwerk SLC mit typischen Problem-stellungen oder Indikationen auf typische Problemstellungen<\/p>\n<p>&nbsp;<\/p>\n<h6><a href=\"https:\/\/myschool.ch\/index.php\/kunden\/\">Referenzen<\/a><\/h6>\n<p>\u2022 Holcim (Schweiz) AG<br \/>\n\u2022 F.Murpf AG<br \/>\n\u2022 Transstahl AG<br \/>\n\u2022 Hochrheinterminal AG<br \/>\n\u2022 SBB Immobilien<br \/>\n\u2022 Flughafen Z\u00fcrich AG<br \/>\n\u2022 Weitnauer Trading AG<br \/>\n\u2022 Sempex AG \/ Messe Basel AG<br \/>\n\u2022 Beta Management AG<\/p>\n<p>&nbsp;<\/p>\n<h6>Zust\u00e4ndige Personen<\/h6>\n[\/vc_column_text][vc_empty_space height=&#8221;24px&#8221;][\/vc_column][\/vc_row][vc_row][vc_column width=&#8221;1\/6&#8243;][vc_single_image image=&#8221;1141&#8243; alignment=&#8221;center&#8221; onclick=&#8221;custom_link&#8221; css=&#8221;&#8221; link=&#8221;https:\/\/myschool.ch\/index.php\/carlos-methner\/&#8221;][vc_column_text css=&#8221;&#8221;]\n<p style=\"text-align: center;\"><a href=\"http:\/\/index.php\/carlos-methner\/\">Carlos Methner<\/a><\/p>\n[\/vc_column_text][\/vc_column][vc_column width=&#8221;1\/6&#8243;][vc_single_image image=&#8221;1142&#8243; alignment=&#8221;center&#8221; onclick=&#8221;custom_link&#8221; css=&#8221;&#8221; link=&#8221;https:\/\/myschool.ch\/index.php\/christoph-ernst\/&#8221;][vc_column_text css=&#8221;&#8221;]\n<p style=\"text-align: center;\"><a href=\"https:\/\/myschool.ch\/index.php\/christoph-ernst\/\">Christoph Ernst<\/a><\/p>\n[\/vc_column_text][\/vc_column][vc_column width=&#8221;1\/6&#8243;][\/vc_column][vc_column width=&#8221;1\/6&#8243;][\/vc_column][vc_column width=&#8221;1\/6&#8243;][\/vc_column][vc_column width=&#8221;1\/6&#8243;][\/vc_column][\/vc_row]\n<\/div>","protected":false},"excerpt":{"rendered":"<p>[vc_row][vc_column][vc_column_text css=&#8221;&#8221;] Angebot Im Bereich Organisationsentwicklung unterst\u00fctzt SLC Unternehmen dabei, F\u00fchrungsstrukturen zu sch\u00e4rfen und den Fokus im Management nachhaltig zu st\u00e4rken. Oftmals f\u00fchren unklare Priorit\u00e4ten,&#8230;<\/p>\n","protected":false},"author":1,"featured_media":0,"parent":0,"menu_order":0,"comment_status":"closed","ping_status":"closed","template":"","meta":{"footnotes":"","_links_to":"","_links_to_target":""},"class_list":["post-651","page","type-page","status-publish","hentry"],"_links":{"self":[{"href":"https:\/\/myschool.ch\/index.php\/wp-json\/wp\/v2\/pages\/651","targetHints":{"allow":["GET"]}}],"collection":[{"href":"https:\/\/myschool.ch\/index.php\/wp-json\/wp\/v2\/pages"}],"about":[{"href":"https:\/\/myschool.ch\/index.php\/wp-json\/wp\/v2\/types\/page"}],"author":[{"embeddable":true,"href":"https:\/\/myschool.ch\/index.php\/wp-json\/wp\/v2\/users\/1"}],"replies":[{"embeddable":true,"href":"https:\/\/myschool.ch\/index.php\/wp-json\/wp\/v2\/comments?post=651"}],"version-history":[{"count":23,"href":"https:\/\/myschool.ch\/index.php\/wp-json\/wp\/v2\/pages\/651\/revisions"}],"predecessor-version":[{"id":1145,"href":"https:\/\/myschool.ch\/index.php\/wp-json\/wp\/v2\/pages\/651\/revisions\/1145"}],"wp:attachment":[{"href":"https:\/\/myschool.ch\/index.php\/wp-json\/wp\/v2\/media?parent=651"}],"curies":[{"name":"wp","href":"https:\/\/api.w.org\/{rel}","templated":true}]}}