{"id":647,"date":"2026-02-02T20:57:01","date_gmt":"2026-02-02T20:57:01","guid":{"rendered":"https:\/\/myschool.ch\/?page_id=647"},"modified":"2026-04-09T03:23:05","modified_gmt":"2026-04-09T03:23:05","slug":"arealmanagement","status":"publish","type":"page","link":"https:\/\/myschool.ch\/index.php\/arealmanagement\/","title":{"rendered":"Arealmanagement"},"content":{"rendered":"<div class=\"wpb-content-wrapper\">[vc_row][vc_column][vc_column_text css=&#8221;&#8221;]\n<h6>Angebot<\/h6>\n<p>SLC bietet ganzheitliche Logistikl\u00f6sungen f\u00fcr die Ver- und Entsorgung bestehender und geplanter grosser \u00dcberbauungen wie Bahnh\u00f6fe, Spit\u00e4ler und Shoppingcenter. Das Leistungsangebot umfasst ein effizientes Warenflussmanagement auf Grossbaustellen, in Arealen und grossen Geb\u00e4uden sowie die fachgerechte Lagerung, den sicheren Transport und die \u00dcberwachung von Gefahrengut inklusive Sicherheitsdispositiven.<br \/>\nDank fundiertem Fachwissen in Logistik, Bau und Technik sowie im Prozessmanagement stellt SLC reibungslose Abl\u00e4ufe, hohe Sicherheitsstandards und wirtschaftliche L\u00f6sungen sicher \u2013 von der Planung \u00fcber die Umsetzung bis zum Betrieb.<\/p>\n<p>&nbsp;<\/p>\n<h6><a href=\"https:\/\/myschool.ch\/index.php\/maerkte\/\">Zielgruppen<\/a><\/h6>\n<p>Eigent\u00fcmer und Betreiber grosser Geb\u00e4ude und Anlagen (SBB, Beh\u00f6rden, Handel)<br \/>\nInvestoren, Bauherren, Arealentwickler, Architekten, Planungsb\u00fcros, Bauunternehmen und Beh\u00f6rden<br \/>\nIndustrie- und Handelsunternehmen aus allen Branchen<\/p>\n<p>&nbsp;<\/p>\n<h6><a href=\"https:\/\/myschool.ch\/index.php\/kunden\/\">Referenzen<\/a><\/h6>\n<p>Logistik, Ver- und Entsorgung von Bahnh\u00f6fen: Z\u00fcrich, Basel, Bern, Lausanne, Genf, Luzern, Winterthur<br \/>\nGrosse \u00dcberbauungskonzepte: Z\u00fcrich Durchmesserlinie, Europaallee, Flughafen Circle, Genf Hiag Lancy Port, Rheinfelden Basel und M\u00fclhausen Containerterminal<br \/>\nIndustrie und Handel: Transport Umschlag und Lagerung, Weitnauer, Sika, Holcim, Imerys<br \/>\nZusammenarbeit mit: Basler &amp; Hofmann, Herzog &amp; de Meuron, St\u00fccheli Architekten, D\u00fcrig Architekten, Takt Baumanagement<\/p>\n<p>&nbsp;<\/p>\n<h6>Zust\u00e4ndige Personen<\/h6>\n<p><a href=\"https:\/\/myschool.ch\/index.php\/christian-aeschlimann\/\">Christian Aeschlimann<\/a><br \/>\n<a href=\"https:\/\/myschool.ch\/index.php\/christian-pestalozzi\/\">Christian Pestalozzi<\/a>[\/vc_column_text][\/vc_column][\/vc_row][vc_row][vc_column width=&#8221;1\/6&#8243;][vc_single_image image=&#8221;1126&#8243; alignment=&#8221;center&#8221; onclick=&#8221;custom_link&#8221; css=&#8221;&#8221; link=&#8221;https:\/\/myschool.ch\/index.php\/christian-aeschlimann\/&#8221;][vc_column_text css=&#8221;&#8221;]\n<p style=\"text-align: center;\"><a href=\"https:\/\/myschool.ch\/index.php\/christian-aeschlimann\/\">Christian Aeschlimann<\/a><\/p>\n[\/vc_column_text][\/vc_column][vc_column width=&#8221;1\/6&#8243;][vc_single_image image=&#8221;1127&#8243; alignment=&#8221;center&#8221; onclick=&#8221;custom_link&#8221; css=&#8221;&#8221; link=&#8221;https:\/\/myschool.ch\/index.php\/christian-pestalozzi\/&#8221;][vc_column_text css=&#8221;&#8221;]\n<p style=\"text-align: center;\"><a href=\"https:\/\/myschool.ch\/index.php\/christian-pestalozzi\/\">Christian Pestalozzi<\/a><\/p>\n[\/vc_column_text][\/vc_column][vc_column width=&#8221;1\/6&#8243;][\/vc_column][vc_column width=&#8221;1\/6&#8243;][\/vc_column][vc_column width=&#8221;1\/6&#8243;][\/vc_column][vc_column width=&#8221;1\/6&#8243;][\/vc_column][\/vc_row]\n<\/div>","protected":false},"excerpt":{"rendered":"<p>[vc_row][vc_column][vc_column_text css=&#8221;&#8221;] Angebot SLC bietet ganzheitliche Logistikl\u00f6sungen f\u00fcr die Ver- und Entsorgung bestehender und geplanter grosser \u00dcberbauungen wie Bahnh\u00f6fe, Spit\u00e4ler und Shoppingcenter. Das Leistungsangebot umfasst&#8230;<\/p>\n","protected":false},"author":1,"featured_media":0,"parent":0,"menu_order":0,"comment_status":"closed","ping_status":"closed","template":"","meta":{"footnotes":"","_links_to":"","_links_to_target":""},"class_list":["post-647","page","type-page","status-publish","hentry"],"_links":{"self":[{"href":"https:\/\/myschool.ch\/index.php\/wp-json\/wp\/v2\/pages\/647","targetHints":{"allow":["GET"]}}],"collection":[{"href":"https:\/\/myschool.ch\/index.php\/wp-json\/wp\/v2\/pages"}],"about":[{"href":"https:\/\/myschool.ch\/index.php\/wp-json\/wp\/v2\/types\/page"}],"author":[{"embeddable":true,"href":"https:\/\/myschool.ch\/index.php\/wp-json\/wp\/v2\/users\/1"}],"replies":[{"embeddable":true,"href":"https:\/\/myschool.ch\/index.php\/wp-json\/wp\/v2\/comments?post=647"}],"version-history":[{"count":9,"href":"https:\/\/myschool.ch\/index.php\/wp-json\/wp\/v2\/pages\/647\/revisions"}],"predecessor-version":[{"id":805,"href":"https:\/\/myschool.ch\/index.php\/wp-json\/wp\/v2\/pages\/647\/revisions\/805"}],"wp:attachment":[{"href":"https:\/\/myschool.ch\/index.php\/wp-json\/wp\/v2\/media?parent=647"}],"curies":[{"name":"wp","href":"https:\/\/api.w.org\/{rel}","templated":true}]}}